{"id":2,"date":"2015-02-02T08:40:20","date_gmt":"2015-02-02T08:40:20","guid":{"rendered":"http:\/\/http:\/\/ruchetoulousaine.fr\/laruche\/"},"modified":"2026-02-01T16:14:35","modified_gmt":"2026-02-01T16:14:35","slug":"la-ruche-toulousaine","status":"publish","type":"page","link":"https:\/\/ruchetoulousaine.fr\/laruche\/","title":{"rendered":"La Ruche Toulousaine"},"content":{"rendered":"\n<figure class=\"wp-block-image\"><a href=\"http:\/\/ruchetoulousaine.fr\/laruche\/wp-content\/uploads\/2015\/03\/cropped-logo.jpg\"><img loading=\"lazy\" decoding=\"async\" width=\"300\" height=\"92\" src=\"http:\/\/ruchetoulousaine.fr\/laruche\/wp-content\/uploads\/2015\/03\/cropped-logo-300x92.jpg\" alt=\"cropped-logo.jpg\" class=\"wp-image-83\" srcset=\"https:\/\/ruchetoulousaine.fr\/laruche\/wp-content\/uploads\/2015\/03\/cropped-logo-300x92.jpg 300w, https:\/\/ruchetoulousaine.fr\/laruche\/wp-content\/uploads\/2015\/03\/cropped-logo.jpg 392w\" sizes=\"auto, (max-width: 300px) 100vw, 300px\" \/><\/a><\/figure>\n\n\n\n<h2 class=\"wp-block-heading\"><strong>Soci\u00e9t\u00e9 sp\u00e9cialis\u00e9e dans le m\u00e9nage, le repassage, la garde d&rsquo;enfants et l&rsquo;aide aux personnes \u00e2g\u00e9es.<\/strong><\/h2>\n\n\n\n<p><strong>Notre savoir-faire et notre savoir-\u00eatre nous permettent d\u2019\u00eatre pr\u00e9sents \u00e0 Toulouse depuis 17 ans<\/strong> !<\/p>\n\n\n\n<p>Utiliser les services de La ruche toulousaine c\u2019est&nbsp;:<\/p>\n\n\n\n<ul class=\"wp-block-list\">\n<li>Faire le choix d\u2019une <strong>entreprise locale<\/strong> \u00e0 <strong>taille humaine<\/strong>.<\/li>\n\n\n\n<li>Vous reposer sur une <strong>\u00e9quipe r\u00e9active<\/strong>,&nbsp;\u00e0 l\u2019\u00e9coute de vos exigences.<\/li>\n\n\n\n<li><strong>B\u00e9n\u00e9ficier des comp\u00e9tences d&rsquo;une seule et m\u00eame personne.<\/strong><\/li>\n\n\n\n<li>Faire appel \u00e0 un <strong>personnel qualifi\u00e9<\/strong>,&nbsp;<strong>form\u00e9<\/strong>, soucieux de votre satisfaction.<\/li>\n\n\n\n<li>La mise en place de<strong> prestations sur mesure.<\/strong><\/li>\n\n\n\n<li><strong>Aucuns frais de dossier, ni frais de gestion<\/strong>&nbsp;!<\/li>\n\n\n\n<li>L\u2019assurance d\u2019un <strong>service de proximit\u00e9<\/strong>, vous ne contacterez pas une plateforme t\u00e9l\u00e9phonique impersonnelle et d\u00e9localis\u00e9e.<\/li>\n\n\n\n<li>Nous confier votre int\u00e9rieur en tout s\u00e9r\u00e9nit\u00e9, nos intervenants vous seront syst\u00e9matiquement pr\u00e9sent\u00e9s.<\/li>\n\n\n\n<li>B\u00e9n\u00e9ficier des<strong> avantages fiscaux<\/strong> li\u00e9s au secteur des services \u00e0 la personne, gr\u00e2ce \u00e0 l&rsquo;<strong>avance imm\u00e9diate<\/strong> vous r\u00e9cup\u00e9rez tout de suite <strong>50%<\/strong> des sommes engag\u00e9es.<\/li>\n\n\n\n<li>Vous d\u00e9charger des <strong>d\u00e9marches administrative<\/strong>s&nbsp;: nous intervenons en mode \u00ab&nbsp;<strong>prestataire&nbsp;<\/strong>\u00bb et <strong>nous&nbsp;sommes donc l\u2019employeur<\/strong>, nous g\u00e9rons les salaires, les absences, les cong\u00e9s etc.<\/li>\n\n\n\n<li>Avoir l\u2019assurance de la bonne ex\u00e9cution du temps de nos prestations. Toutes nos heures sont valid\u00e9es par notre <strong>syst\u00e8me de t\u00e9l\u00e9gestion<\/strong>.<\/li>\n<\/ul>\n\n\n\n<figure class=\"wp-block-gallery has-nested-images columns-default wp-block-gallery-1 is-layout-flex wp-block-gallery-is-layout-flex\">\n<figure class=\"wp-block-image size-medium\"><img loading=\"lazy\" decoding=\"async\" width=\"205\" height=\"300\" data-id=\"1026\" src=\"https:\/\/ruchetoulousaine.fr\/laruche\/wp-content\/uploads\/2023\/12\/logo-2024-205x300.png\" alt=\"\" class=\"wp-image-1026\" srcset=\"https:\/\/ruchetoulousaine.fr\/laruche\/wp-content\/uploads\/2023\/12\/logo-2024-205x300.png 205w, https:\/\/ruchetoulousaine.fr\/laruche\/wp-content\/uploads\/2023\/12\/logo-2024.png 400w\" sizes=\"auto, (max-width: 205px) 100vw, 205px\" \/><\/figure>\n\n\n\n<figure class=\"wp-block-image size-full\"><img loading=\"lazy\" decoding=\"async\" width=\"302\" height=\"255\" data-id=\"8\" src=\"https:\/\/ruchetoulousaine.fr\/laruche\/wp-content\/uploads\/2015\/02\/logo_s_a_p_pt.jpg\" alt=\"\" class=\"wp-image-8\" srcset=\"https:\/\/ruchetoulousaine.fr\/laruche\/wp-content\/uploads\/2015\/02\/logo_s_a_p_pt.jpg 302w, https:\/\/ruchetoulousaine.fr\/laruche\/wp-content\/uploads\/2015\/02\/logo_s_a_p_pt-300x253.jpg 300w\" sizes=\"auto, (max-width: 302px) 100vw, 302px\" \/><\/figure>\n<\/figure>\n\n\n\n<p><\/p>\n\n\n\n<p class=\"has-text-align-center has-medium-font-size\"><strong>RETROUVEZ NOUS SUR FACEBOOK<\/strong><\/p>\n\n\n\n<ul class=\"wp-block-social-links has-visible-labels is-content-justification-center is-layout-flex wp-container-core-social-links-is-layout-16018d1d wp-block-social-links-is-layout-flex\"><li class=\"wp-social-link wp-social-link-facebook  wp-block-social-link\"><a rel=\"noopener nofollow\" target=\"_blank\" href=\"https:\/\/www.facebook.com\/laruchetoulousaine\/\" class=\"wp-block-social-link-anchor\"><svg width=\"24\" height=\"24\" viewBox=\"0 0 24 24\" version=\"1.1\" xmlns=\"http:\/\/www.w3.org\/2000\/svg\" aria-hidden=\"true\" focusable=\"false\"><path d=\"M12 2C6.5 2 2 6.5 2 12c0 5 3.7 9.1 8.4 9.9v-7H7.9V12h2.5V9.8c0-2.5 1.5-3.9 3.8-3.9 1.1 0 2.2.2 2.2.2v2.5h-1.3c-1.2 0-1.6.8-1.6 1.6V12h2.8l-.4 2.9h-2.3v7C18.3 21.1 22 17 22 12c0-5.5-4.5-10-10-10z\"><\/path><\/svg><span class=\"wp-block-social-link-label\">Facebook<\/span><\/a><\/li><\/ul>\n\n\n\n<p><strong><em>32, rue des Cosmonautes&nbsp;31400 Toulouse &#8211; 05 62 18 55 29&nbsp;&#8211;&nbsp;contact@ruchetoulousaine.fr<\/em><\/strong><\/p>\n\n\n\n<p>Conform\u00e9ment \u00e0 la LOI n\u00b0 2004-801 du 6 Ao\u00fbt 2004 relative \u00e0 la protection des personnes physiques \u00e0 l&rsquo;\u00e9gard des traitements de donn\u00e9es \u00e0 caract\u00e8re personnel modifiant la loi n\u00b0 78-17 du 6 janvier 1978, ce site a \u00e9t\u00e9 d\u00e9clar\u00e9 aupr\u00e8s de la CNIL. n\u00b0 d&rsquo;enregistrement CNIL : 1678958 &#8211; H\u00e9bergement : OVH<\/p>\n\n\n\n<p>Le responsable du traitement est l\u2019EURL Marie-Louise inscrite au RCS de Toulouse sous le num\u00e9ro 509582391.<\/p>\n\n\n\n<p>Les donn\u00e9es personnelles recueillies sur le site ruchetoulousaine.fr ne servent qu\u2019\u00e0 des fins de gestion des demandes. Aucune information personnelle ne sera c\u00e9d\u00e9e \u00e0 un tiers.<\/p>\n\n\n\n<p><\/p>\n","protected":false},"excerpt":{"rendered":"<p>Soci\u00e9t\u00e9 sp\u00e9cialis\u00e9e dans le m\u00e9nage, le repassage, la garde d&rsquo;enfants et l&rsquo;aide aux personnes \u00e2g\u00e9es. Notre savoir-faire et notre savoir-\u00eatre nous permettent d\u2019\u00eatre pr\u00e9sents \u00e0 Toulouse depuis 17 ans ! Utiliser les services de La ruche toulousaine c\u2019est&nbsp;: RETROUVEZ NOUS SUR FACEBOOK 32, rue des Cosmonautes&nbsp;31400 Toulouse &#8211; 05 62 &#8230;<\/p>\n","protected":false},"author":1,"featured_media":0,"parent":0,"menu_order":0,"comment_status":"closed","ping_status":"open","template":"","meta":{"footnotes":""},"class_list":["post-2","page","type-page","status-publish","hentry","column","threecol"],"yoast_head":"<!-- This site is optimized with the Yoast SEO plugin v26.0 - https:\/\/yoast.com\/wordpress\/plugins\/seo\/ -->\n<title>Services \u00e0 la personne sur Toulouse<\/title>\n<meta name=\"description\" content=\"Services \u00e0 la personne m\u00e9nage, repassage, garde d&#039;enfants, aide \u00e0 domicile pour les personnes \u00e2g\u00e9es et\/ou handicap\u00e9es sur Toulouse.\" \/>\n<meta name=\"robots\" content=\"index, follow, max-snippet:-1, max-image-preview:large, max-video-preview:-1\" \/>\n<link rel=\"canonical\" href=\"https:\/\/ruchetoulousaine.fr\/laruche\/\" \/>\n<meta property=\"og:locale\" content=\"fr_FR\" \/>\n<meta property=\"og:type\" content=\"article\" \/>\n<meta property=\"og:title\" content=\"Services \u00e0 la personne sur Toulouse\" \/>\n<meta property=\"og:description\" content=\"Services \u00e0 la personne m\u00e9nage, repassage, garde d&#039;enfants, aide \u00e0 domicile pour les personnes \u00e2g\u00e9es et\/ou handicap\u00e9es sur Toulouse.\" \/>\n<meta property=\"og:url\" content=\"https:\/\/ruchetoulousaine.fr\/laruche\/\" \/>\n<meta property=\"article:publisher\" content=\"https:\/\/www.facebook.com\/laruchetoulousaine\" \/>\n<meta property=\"article:modified_time\" content=\"2026-02-01T16:14:35+00:00\" \/>\n<meta property=\"og:image\" content=\"https:\/\/ruchetoulousaine.fr\/laruche\/wp-content\/uploads\/2015\/03\/cropped-logo.jpg\" \/>\n\t<meta property=\"og:image:width\" content=\"392\" \/>\n\t<meta property=\"og:image:height\" content=\"121\" \/>\n\t<meta property=\"og:image:type\" content=\"image\/jpeg\" \/>\n<meta name=\"twitter:card\" content=\"summary_large_image\" \/>\n<meta name=\"twitter:label1\" content=\"Dur\u00e9e de lecture estim\u00e9e\" \/>\n\t<meta name=\"twitter:data1\" content=\"3 minutes\" \/>\n<!-- \/ Yoast SEO plugin. -->","yoast_head_json":{"title":"Services \u00e0 la personne sur Toulouse","description":"Services \u00e0 la personne m\u00e9nage, repassage, garde d'enfants, aide \u00e0 domicile pour les personnes \u00e2g\u00e9es et\/ou handicap\u00e9es sur Toulouse.","robots":{"index":"index","follow":"follow","max-snippet":"max-snippet:-1","max-image-preview":"max-image-preview:large","max-video-preview":"max-video-preview:-1"},"canonical":"https:\/\/ruchetoulousaine.fr\/laruche\/","og_locale":"fr_FR","og_type":"article","og_title":"Services \u00e0 la personne sur Toulouse","og_description":"Services \u00e0 la personne m\u00e9nage, repassage, garde d'enfants, aide \u00e0 domicile pour les personnes \u00e2g\u00e9es et\/ou handicap\u00e9es sur Toulouse.","og_url":"https:\/\/ruchetoulousaine.fr\/laruche\/","article_publisher":"https:\/\/www.facebook.com\/laruchetoulousaine","article_modified_time":"2026-02-01T16:14:35+00:00","og_image":[{"width":392,"height":121,"url":"https:\/\/ruchetoulousaine.fr\/laruche\/wp-content\/uploads\/2015\/03\/cropped-logo.jpg","type":"image\/jpeg"}],"twitter_card":"summary_large_image","twitter_misc":{"Dur\u00e9e de lecture estim\u00e9e":"3 minutes"},"schema":{"@context":"https:\/\/schema.org","@graph":[{"@type":"WebPage","@id":"https:\/\/ruchetoulousaine.fr\/laruche\/","url":"https:\/\/ruchetoulousaine.fr\/laruche\/","name":"Services \u00e0 la personne sur Toulouse","isPartOf":{"@id":"https:\/\/ruchetoulousaine.fr\/laruche\/#website"},"primaryImageOfPage":{"@id":"https:\/\/ruchetoulousaine.fr\/laruche\/#primaryimage"},"image":{"@id":"https:\/\/ruchetoulousaine.fr\/laruche\/#primaryimage"},"thumbnailUrl":"http:\/\/ruchetoulousaine.fr\/laruche\/wp-content\/uploads\/2015\/03\/cropped-logo-300x92.jpg","datePublished":"2015-02-02T08:40:20+00:00","dateModified":"2026-02-01T16:14:35+00:00","description":"Services \u00e0 la personne m\u00e9nage, repassage, garde d'enfants, aide \u00e0 domicile pour les personnes \u00e2g\u00e9es et\/ou handicap\u00e9es sur Toulouse.","breadcrumb":{"@id":"https:\/\/ruchetoulousaine.fr\/laruche\/#breadcrumb"},"inLanguage":"fr-FR","potentialAction":[{"@type":"ReadAction","target":["https:\/\/ruchetoulousaine.fr\/laruche\/"]}]},{"@type":"ImageObject","inLanguage":"fr-FR","@id":"https:\/\/ruchetoulousaine.fr\/laruche\/#primaryimage","url":"http:\/\/ruchetoulousaine.fr\/laruche\/wp-content\/uploads\/2015\/03\/cropped-logo-300x92.jpg","contentUrl":"http:\/\/ruchetoulousaine.fr\/laruche\/wp-content\/uploads\/2015\/03\/cropped-logo-300x92.jpg"},{"@type":"BreadcrumbList","@id":"https:\/\/ruchetoulousaine.fr\/laruche\/#breadcrumb","itemListElement":[{"@type":"ListItem","position":1,"name":"Accueil","item":"https:\/\/ruchetoulousaine.fr\/laruche\/"},{"@type":"ListItem","position":2,"name":"La Ruche Toulousaine"}]},{"@type":"WebSite","@id":"https:\/\/ruchetoulousaine.fr\/laruche\/#website","url":"https:\/\/ruchetoulousaine.fr\/laruche\/","name":"https:\/\/ruchetoulousaine.fr\/","description":"","publisher":{"@id":"https:\/\/ruchetoulousaine.fr\/laruche\/#organization"},"potentialAction":[{"@type":"SearchAction","target":{"@type":"EntryPoint","urlTemplate":"https:\/\/ruchetoulousaine.fr\/laruche\/?s={search_term_string}"},"query-input":{"@type":"PropertyValueSpecification","valueRequired":true,"valueName":"search_term_string"}}],"inLanguage":"fr-FR"},{"@type":"Organization","@id":"https:\/\/ruchetoulousaine.fr\/laruche\/#organization","name":"La Ruche Toulousaine","url":"https:\/\/ruchetoulousaine.fr\/laruche\/","logo":{"@type":"ImageObject","inLanguage":"fr-FR","@id":"https:\/\/ruchetoulousaine.fr\/laruche\/#\/schema\/logo\/image\/","url":"https:\/\/ruchetoulousaine.fr\/laruche\/wp-content\/uploads\/2015\/02\/laruche_logo.jpg","contentUrl":"https:\/\/ruchetoulousaine.fr\/laruche\/wp-content\/uploads\/2015\/02\/laruche_logo.jpg","width":425,"height":157,"caption":"La Ruche Toulousaine"},"image":{"@id":"https:\/\/ruchetoulousaine.fr\/laruche\/#\/schema\/logo\/image\/"},"sameAs":["https:\/\/www.facebook.com\/laruchetoulousaine"]}]}},"_links":{"self":[{"href":"https:\/\/ruchetoulousaine.fr\/laruche\/wp-json\/wp\/v2\/pages\/2","targetHints":{"allow":["GET"]}}],"collection":[{"href":"https:\/\/ruchetoulousaine.fr\/laruche\/wp-json\/wp\/v2\/pages"}],"about":[{"href":"https:\/\/ruchetoulousaine.fr\/laruche\/wp-json\/wp\/v2\/types\/page"}],"author":[{"embeddable":true,"href":"https:\/\/ruchetoulousaine.fr\/laruche\/wp-json\/wp\/v2\/users\/1"}],"replies":[{"embeddable":true,"href":"https:\/\/ruchetoulousaine.fr\/laruche\/wp-json\/wp\/v2\/comments?post=2"}],"version-history":[{"count":91,"href":"https:\/\/ruchetoulousaine.fr\/laruche\/wp-json\/wp\/v2\/pages\/2\/revisions"}],"predecessor-version":[{"id":1470,"href":"https:\/\/ruchetoulousaine.fr\/laruche\/wp-json\/wp\/v2\/pages\/2\/revisions\/1470"}],"wp:attachment":[{"href":"https:\/\/ruchetoulousaine.fr\/laruche\/wp-json\/wp\/v2\/media?parent=2"}],"curies":[{"name":"wp","href":"https:\/\/api.w.org\/{rel}","templated":true}]}}