{"id":51,"date":"2015-03-16T09:37:24","date_gmt":"2015-03-16T09:37:24","guid":{"rendered":"http:\/\/ruchetoulousaine.fr\/laruche\/?page_id=51"},"modified":"2019-03-30T09:17:26","modified_gmt":"2019-03-30T09:17:26","slug":"garde-denfants","status":"publish","type":"page","link":"https:\/\/ruchetoulousaine.fr\/laruche\/garde-denfants\/","title":{"rendered":"Garde d&rsquo;enfants pour les plus de 3 ans"},"content":{"rendered":"<h4>Vos horaires de travail ne vous permettent pas d\u2019emmener et\/ou d\u2019aller chercher vos enfants \u00e0 l\u2019\u00e9cole\u00a0? Vous ne voulez pas confier vos ch\u00e9rubins \u00e0 n\u2019importe qui\u00a0? Alors\u00a0! \u00a0La Ruche Toulousaine est faite pour vous\u00a0!<\/h4>\n<p><a href=\"http:\/\/ruchetoulousaine.fr\/laruche\/wp-content\/uploads\/2015\/03\/laruche_mlle4.png\"><img loading=\"lazy\" decoding=\"async\" class=\"alignnone size-medium wp-image-52\" src=\"http:\/\/ruchetoulousaine.fr\/laruche\/wp-content\/uploads\/2015\/03\/laruche_mlle4-300x287.png\" alt=\"laruche_mlle4\" width=\"300\" height=\"287\" srcset=\"https:\/\/ruchetoulousaine.fr\/laruche\/wp-content\/uploads\/2015\/03\/laruche_mlle4-300x287.png 300w, https:\/\/ruchetoulousaine.fr\/laruche\/wp-content\/uploads\/2015\/03\/laruche_mlle4.png 444w\" sizes=\"auto, (max-width: 300px) 100vw, 300px\" \/><\/a><\/p>\n<p>Nous partons d\u2019un principe simple. Nous-m\u00eames parents,<\/p>\n<p>\u00ab\u00a0Nous ne confierons pas vos enfants \u00e0 une nounou si nous ne pouvons pas lui confier les n\u00f4tres\u00a0!\u00a0\u00bb<\/p>\n<p>Prise de contact\u00a0:<\/p>\n<ul>\n<li>Lors du <strong>premier rendez-vous<\/strong>, nous validons ensemble vos <strong>attentes<\/strong> et vos <strong>exigences<\/strong>, dans le plus grand<strong> respect de l\u2019\u00e9ducation <\/strong>que vous donnez \u00e0 vos enfants. Cette <strong>visite gratuite<\/strong> vous permet de connaitre notre entreprise, sa culture et sa m\u00e9thodologie.<\/li>\n<li>Un <strong>devis gratuit<\/strong> vous sera remis.<\/li>\n<\/ul>\n<p>Mise en place de l\u2019intervention\u00a0:<\/p>\n<ul>\n<li>Une<strong> premi\u00e8re sortie accompagn\u00e9e<\/strong> sera effectu\u00e9e au d\u00e9marrage (pr\u00e9sentation \u00e0 l\u2019\u00e9cole, trajet voiture, etc.)<\/li>\n<li>Un <strong>carnet de liaison<\/strong> vous sera remis afin de donner vos consignes au fil du temps.<\/li>\n<\/ul>\n<p>Suivi qualit\u00e9\u00a0:<\/p>\n<ul>\n<li>Apr\u00e8s nos premi\u00e8res interventions, nous prenons contact avec vous afin de s\u2019assurer du bon d\u00e9roulement de la mission,<\/li>\n<li>Des<strong> visites r\u00e9guli\u00e8res<\/strong> sont effectu\u00e9es pour valider que tout se passe bien.<\/li>\n<li>Un <strong>questionnaire de satisfaction<\/strong> vous sera r\u00e9guli\u00e8rement transmis afin de relever toutes remarques que vous seriez amen\u00e9s \u00e0 nous faire. Une <strong>r\u00e9ponse adapt\u00e9e<\/strong> vous sera fa\u00eete dans les <strong>meilleurs d\u00e9lais<\/strong>.<\/li>\n<\/ul>\n<p><a href=\"http:\/\/www.caf.fr\/aides-et-services\/s-informer-sur-les-aides\/petite-enfance\/le-complement-de-libre-choix-du-mode-de-garde\" target=\"_blank\" rel=\"attachment wp-att-142\"><img loading=\"lazy\" decoding=\"async\" class=\"size-full wp-image-142 alignleft\" src=\"http:\/\/ruchetoulousaine.fr\/laruche\/wp-content\/uploads\/2015\/04\/new_logo.jpg\" alt=\"new_logo\" width=\"137\" height=\"137\" \/><\/a><\/p>\n<p><img loading=\"lazy\" decoding=\"async\" class=\"alignnone wp-image-9\" src=\"http:\/\/ruchetoulousaine.fr\/laruche\/wp-content\/uploads\/2015\/02\/reduc_ir.png\" alt=\"reduc_ir\" width=\"152\" height=\"150\" \/><\/p>\n<p>Notre agence est r\u00e9f\u00e9renc\u00e9e aupr\u00e8s de la CAF, si l\u2019un de vos enfants a moins de 6 ans, vous pourrez b\u00e9n\u00e9ficier de la Paje.<\/p>\n","protected":false},"excerpt":{"rendered":"<p>Vos horaires de travail ne vous permettent pas d\u2019emmener et\/ou d\u2019aller chercher vos enfants \u00e0 l\u2019\u00e9cole\u00a0? Vous ne voulez pas confier vos ch\u00e9rubins \u00e0 n\u2019importe qui\u00a0? Alors\u00a0! \u00a0La Ruche Toulousaine est faite pour vous\u00a0! Nous partons d\u2019un principe simple. Nous-m\u00eames parents, \u00ab\u00a0Nous ne confierons pas vos enfants \u00e0 une nounou &#8230;<\/p>\n","protected":false},"author":1,"featured_media":0,"parent":0,"menu_order":0,"comment_status":"closed","ping_status":"open","template":"","meta":{"footnotes":""},"class_list":["post-51","page","type-page","status-publish","hentry","column","threecol"],"yoast_head":"<!-- This site is optimized with the Yoast SEO plugin v26.0 - https:\/\/yoast.com\/wordpress\/plugins\/seo\/ -->\n<title>Garde d&#039;enfants pour les plus de 3 ans -<\/title>\n<meta name=\"robots\" content=\"index, follow, max-snippet:-1, max-image-preview:large, max-video-preview:-1\" \/>\n<link rel=\"canonical\" href=\"https:\/\/ruchetoulousaine.fr\/laruche\/garde-denfants\/\" \/>\n<meta property=\"og:locale\" content=\"fr_FR\" \/>\n<meta property=\"og:type\" content=\"article\" \/>\n<meta property=\"og:title\" content=\"Garde d&#039;enfants pour les plus de 3 ans -\" \/>\n<meta property=\"og:description\" content=\"Vos horaires de travail ne vous permettent pas d\u2019emmener et\/ou d\u2019aller chercher vos enfants \u00e0 l\u2019\u00e9cole\u00a0? Vous ne voulez pas confier vos &#8230;\" \/>\n<meta property=\"og:url\" content=\"https:\/\/ruchetoulousaine.fr\/laruche\/garde-denfants\/\" \/>\n<meta property=\"article:publisher\" content=\"https:\/\/www.facebook.com\/laruchetoulousaine\" \/>\n<meta property=\"article:modified_time\" content=\"2019-03-30T09:17:26+00:00\" \/>\n<meta property=\"og:image\" content=\"http:\/\/ruchetoulousaine.fr\/laruche\/wp-content\/uploads\/2015\/03\/laruche_mlle4-300x287.png\" \/>\n<meta name=\"twitter:card\" content=\"summary_large_image\" \/>\n<meta name=\"twitter:label1\" content=\"Dur\u00e9e de lecture estim\u00e9e\" \/>\n\t<meta name=\"twitter:data1\" content=\"1 minute\" \/>\n<!-- \/ Yoast SEO plugin. -->","yoast_head_json":{"title":"Garde d'enfants pour les plus de 3 ans -","robots":{"index":"index","follow":"follow","max-snippet":"max-snippet:-1","max-image-preview":"max-image-preview:large","max-video-preview":"max-video-preview:-1"},"canonical":"https:\/\/ruchetoulousaine.fr\/laruche\/garde-denfants\/","og_locale":"fr_FR","og_type":"article","og_title":"Garde d'enfants pour les plus de 3 ans -","og_description":"Vos horaires de travail ne vous permettent pas d\u2019emmener et\/ou d\u2019aller chercher vos enfants \u00e0 l\u2019\u00e9cole\u00a0? Vous ne voulez pas confier vos &#8230;","og_url":"https:\/\/ruchetoulousaine.fr\/laruche\/garde-denfants\/","article_publisher":"https:\/\/www.facebook.com\/laruchetoulousaine","article_modified_time":"2019-03-30T09:17:26+00:00","og_image":[{"url":"http:\/\/ruchetoulousaine.fr\/laruche\/wp-content\/uploads\/2015\/03\/laruche_mlle4-300x287.png","type":"","width":"","height":""}],"twitter_card":"summary_large_image","twitter_misc":{"Dur\u00e9e de lecture estim\u00e9e":"1 minute"},"schema":{"@context":"https:\/\/schema.org","@graph":[{"@type":"WebPage","@id":"https:\/\/ruchetoulousaine.fr\/laruche\/garde-denfants\/","url":"https:\/\/ruchetoulousaine.fr\/laruche\/garde-denfants\/","name":"Garde d'enfants pour les plus de 3 ans -","isPartOf":{"@id":"https:\/\/ruchetoulousaine.fr\/laruche\/#website"},"primaryImageOfPage":{"@id":"https:\/\/ruchetoulousaine.fr\/laruche\/garde-denfants\/#primaryimage"},"image":{"@id":"https:\/\/ruchetoulousaine.fr\/laruche\/garde-denfants\/#primaryimage"},"thumbnailUrl":"http:\/\/ruchetoulousaine.fr\/laruche\/wp-content\/uploads\/2015\/03\/laruche_mlle4-300x287.png","datePublished":"2015-03-16T09:37:24+00:00","dateModified":"2019-03-30T09:17:26+00:00","breadcrumb":{"@id":"https:\/\/ruchetoulousaine.fr\/laruche\/garde-denfants\/#breadcrumb"},"inLanguage":"fr-FR","potentialAction":[{"@type":"ReadAction","target":["https:\/\/ruchetoulousaine.fr\/laruche\/garde-denfants\/"]}]},{"@type":"ImageObject","inLanguage":"fr-FR","@id":"https:\/\/ruchetoulousaine.fr\/laruche\/garde-denfants\/#primaryimage","url":"http:\/\/ruchetoulousaine.fr\/laruche\/wp-content\/uploads\/2015\/03\/laruche_mlle4-300x287.png","contentUrl":"http:\/\/ruchetoulousaine.fr\/laruche\/wp-content\/uploads\/2015\/03\/laruche_mlle4-300x287.png"},{"@type":"BreadcrumbList","@id":"https:\/\/ruchetoulousaine.fr\/laruche\/garde-denfants\/#breadcrumb","itemListElement":[{"@type":"ListItem","position":1,"name":"Accueil","item":"https:\/\/ruchetoulousaine.fr\/laruche\/"},{"@type":"ListItem","position":2,"name":"Garde d&rsquo;enfants pour les plus de 3 ans"}]},{"@type":"WebSite","@id":"https:\/\/ruchetoulousaine.fr\/laruche\/#website","url":"https:\/\/ruchetoulousaine.fr\/laruche\/","name":"https:\/\/ruchetoulousaine.fr\/","description":"","publisher":{"@id":"https:\/\/ruchetoulousaine.fr\/laruche\/#organization"},"potentialAction":[{"@type":"SearchAction","target":{"@type":"EntryPoint","urlTemplate":"https:\/\/ruchetoulousaine.fr\/laruche\/?s={search_term_string}"},"query-input":{"@type":"PropertyValueSpecification","valueRequired":true,"valueName":"search_term_string"}}],"inLanguage":"fr-FR"},{"@type":"Organization","@id":"https:\/\/ruchetoulousaine.fr\/laruche\/#organization","name":"La Ruche Toulousaine","url":"https:\/\/ruchetoulousaine.fr\/laruche\/","logo":{"@type":"ImageObject","inLanguage":"fr-FR","@id":"https:\/\/ruchetoulousaine.fr\/laruche\/#\/schema\/logo\/image\/","url":"https:\/\/ruchetoulousaine.fr\/laruche\/wp-content\/uploads\/2015\/02\/laruche_logo.jpg","contentUrl":"https:\/\/ruchetoulousaine.fr\/laruche\/wp-content\/uploads\/2015\/02\/laruche_logo.jpg","width":425,"height":157,"caption":"La Ruche Toulousaine"},"image":{"@id":"https:\/\/ruchetoulousaine.fr\/laruche\/#\/schema\/logo\/image\/"},"sameAs":["https:\/\/www.facebook.com\/laruchetoulousaine"]}]}},"_links":{"self":[{"href":"https:\/\/ruchetoulousaine.fr\/laruche\/wp-json\/wp\/v2\/pages\/51","targetHints":{"allow":["GET"]}}],"collection":[{"href":"https:\/\/ruchetoulousaine.fr\/laruche\/wp-json\/wp\/v2\/pages"}],"about":[{"href":"https:\/\/ruchetoulousaine.fr\/laruche\/wp-json\/wp\/v2\/types\/page"}],"author":[{"embeddable":true,"href":"https:\/\/ruchetoulousaine.fr\/laruche\/wp-json\/wp\/v2\/users\/1"}],"replies":[{"embeddable":true,"href":"https:\/\/ruchetoulousaine.fr\/laruche\/wp-json\/wp\/v2\/comments?post=51"}],"version-history":[{"count":27,"href":"https:\/\/ruchetoulousaine.fr\/laruche\/wp-json\/wp\/v2\/pages\/51\/revisions"}],"predecessor-version":[{"id":588,"href":"https:\/\/ruchetoulousaine.fr\/laruche\/wp-json\/wp\/v2\/pages\/51\/revisions\/588"}],"wp:attachment":[{"href":"https:\/\/ruchetoulousaine.fr\/laruche\/wp-json\/wp\/v2\/media?parent=51"}],"curies":[{"name":"wp","href":"https:\/\/api.w.org\/{rel}","templated":true}]}}

<h4>Vos horaires de travail ne vous permettent pas d’emmener et/ou d’aller chercher vos enfants à l’école ? Vous ne voulez pas confier vos chérubins à n’importe qui ? Alors !  La Ruche Toulousaine est faite pour vous !</h4>
<p><a href="http://ruchetoulousaine.fr/laruche/wp-content/uploads/2015/03/laruche_mlle4.png"><img loading="lazy" decoding="async" class="alignnone size-medium wp-image-52" src="http://ruchetoulousaine.fr/laruche/wp-content/uploads/2015/03/laruche_mlle4-300x287.png" alt="laruche_mlle4" width="300" height="287" srcset="https://ruchetoulousaine.fr/laruche/wp-content/uploads/2015/03/laruche_mlle4-300x287.png 300w, https://ruchetoulousaine.fr/laruche/wp-content/uploads/2015/03/laruche_mlle4.png 444w" sizes="auto, (max-width: 300px) 100vw, 300px" /></a></p>
<p>Nous partons d’un principe simple. Nous-mêmes parents,</p>
<p>« Nous ne confierons pas vos enfants à une nounou si nous ne pouvons pas lui confier les nôtres ! »</p>
<p>Prise de contact :</p>
<ul>
<li>Lors du <strong>premier rendez-vous</strong>, nous validons ensemble vos <strong>attentes</strong> et vos <strong>exigences</strong>, dans le plus grand<strong> respect de l’éducation </strong>que vous donnez à vos enfants. Cette <strong>visite gratuite</strong> vous permet de connaitre notre entreprise, sa culture et sa méthodologie.</li>
<li>Un <strong>devis gratuit</strong> vous sera remis.</li>
</ul>
<p>Mise en place de l’intervention :</p>
<ul>
<li>Une<strong> première sortie accompagnée</strong> sera effectuée au démarrage (présentation à l’école, trajet voiture, etc.)</li>
<li>Un <strong>carnet de liaison</strong> vous sera remis afin de donner vos consignes au fil du temps.</li>
</ul>
<p>Suivi qualité :</p>
<ul>
<li>Après nos premières interventions, nous prenons contact avec vous afin de s’assurer du bon déroulement de la mission,</li>
<li>Des<strong> visites régulières</strong> sont effectuées pour valider que tout se passe bien.</li>
<li>Un <strong>questionnaire de satisfaction</strong> vous sera régulièrement transmis afin de relever toutes remarques que vous seriez amenés à nous faire. Une <strong>réponse adaptée</strong> vous sera faîte dans les <strong>meilleurs délais</strong>.</li>
</ul>
<p><a href="http://www.caf.fr/aides-et-services/s-informer-sur-les-aides/petite-enfance/le-complement-de-libre-choix-du-mode-de-garde" target="_blank" rel="attachment wp-att-142"><img loading="lazy" decoding="async" class="size-full wp-image-142 alignleft" src="http://ruchetoulousaine.fr/laruche/wp-content/uploads/2015/04/new_logo.jpg" alt="new_logo" width="137" height="137" /></a></p>
<p><img loading="lazy" decoding="async" class="alignnone wp-image-9" src="http://ruchetoulousaine.fr/laruche/wp-content/uploads/2015/02/reduc_ir.png" alt="reduc_ir" width="152" height="150" /></p>
<p>Notre agence est référencée auprès de la CAF, si l’un de vos enfants a moins de 6 ans, vous pourrez bénéficier de la Paje.</p>

<p>Vos horaires de travail ne vous permettent pas d’emmener et/ou d’aller chercher vos enfants à l’école ? Vous ne voulez pas confier vos chérubins à n’importe qui ? Alors !  La Ruche Toulousaine est faite pour vous ! Nous partons d’un principe simple. Nous-mêmes parents, « Nous ne confierons pas vos enfants à une nounou &#8230;</p>

<!-- This site is optimized with the Yoast SEO plugin v26.0 - https://yoast.com/wordpress/plugins/seo/ -->
<title>Garde d&#039;enfants pour les plus de 3 ans -</title>
<meta name="robots" content="index, follow, max-snippet:-1, max-image-preview:large, max-video-preview:-1" />
<link rel="canonical" href="https://ruchetoulousaine.fr/laruche/garde-denfants/" />
<meta property="og:locale" content="fr_FR" />
<meta property="og:type" content="article" />
<meta property="og:title" content="Garde d&#039;enfants pour les plus de 3 ans -" />
<meta property="og:description" content="Vos horaires de travail ne vous permettent pas d’emmener et/ou d’aller chercher vos enfants à l’école ? Vous ne voulez pas confier vos &#8230;" />
<meta property="og:url" content="https://ruchetoulousaine.fr/laruche/garde-denfants/" />
<meta property="article:publisher" content="https://www.facebook.com/laruchetoulousaine" />
<meta property="article:modified_time" content="2019-03-30T09:17:26+00:00" />
<meta property="og:image" content="http://ruchetoulousaine.fr/laruche/wp-content/uploads/2015/03/laruche_mlle4-300x287.png" />
<meta name="twitter:card" content="summary_large_image" />
<meta name="twitter:label1" content="Durée de lecture estimée" />
	<meta name="twitter:data1" content="1 minute" />
<!-- / Yoast SEO plugin. -->

Vos horaires de travail ne vous permettent pas d’emmener et/ou d’aller chercher vos enfants à l’école ? Vous ne voulez pas confier vos &#8230;
